2 and 542?
2
Calculate the greatest common factor of 84 and 60.
12
Calculate the greatest common factor of 527 and 434.
31
What is the greatest common factor of 1898 and 169?
13
What is the greatest common divisor of 14 and 518?
14
Calculate the greatest common factor of 605 and 220.
55
What is the greatest common divisor of 234 and 65?
13
What is the highest common factor of 7 and 1561?
7
Calculate the highest common factor of 303 and 3.
3
What is the highest common factor of 632 and 79?
79
Calculate the highest common divisor of 650 and 50.
50
What is the highest common divisor of 150 and 210?
30
What is the highest common factor of 21549 and 66?
33
Calculate the highest common divisor of 3168 and 144.
144
Calculate the greatest common factor of 231 and 33.
33
Calculate the greatest common factor of 507 and 13.
13
What is the highest common divisor of 1104 and 96?
48
Calculate the highest common factor of 63 and 1287.
9
Calculate the highest common factor of 46 and 26450.
46
What is the highest common divisor of 24 and 128?
8
Calculate the greatest common divisor of 11 and 319.
11
What is the highest common factor of 718 and 2?
2
Calculate the greatest common divisor of 2548 and 78.
26
What is the highest common divisor of 112 and 2256?
16
What is the greatest common factor of 135 and 81?
27
Calculate the highest common factor of 240 and 15.
15
Calculate the highest common divisor of 12683 and 11.
11
What is the greatest common divisor of 72 and 408?
24
What is the greatest common divisor of 275 and 11?
11
Calculate the highest common divisor of 142 and 355.
71
What is the greatest common factor of 648 and 312?
24
Calculate the highest common factor of 256 and 8544.
32
Calculate the highest common divisor of 132 and 8976.
132
Calculate the greatest common factor of 506 and 184.
46
Calculate the highest common factor of 9 and 444.
3
What is the highest common factor of 171 and 912?
57
Calculate the greatest common factor of 156 and 2613.
39
What is the greatest common divisor of 12 and 15?
3
What is the highest common divisor of 20 and 1060?
20
What is the greatest common factor of 12 and 1236?
12
Calculate the greatest common factor of 702 and 260.
26
Calculate the greatest common factor of 427 and 28.
7
Calculate the highest common divisor of 385 and 1760.
55
Calculate the greatest common divisor of 72 and 1404.
36
Calculate the greatest common divisor of 1290 and 210.
30
What is the highest common factor of 1216 and 16?
16
What is the highest common factor of 420 and 2688?
84
Calculate the highest common factor of 86 and 20382.
86
What is the highest common factor of 4150 and 125?
25
Calculate the greatest common divisor of 18424 and 98.
98
Calculate the highest common divisor of 60 and 36.
12
What is the highest common divisor of 49 and 784?
49
What is the greatest common factor of 235 and 5?
5
What is the highest common divisor of 1280 and 200?
40
What is the greatest common divisor of 35 and 15505?
35
Calculate the greatest common divisor of 90 and 234.
18
What is the highest common divisor of 15 and 27?
3
Calculate the highest common divisor of 172 and 16770.
86
Calculate the highest common factor of 81 and 18.
9
Calculate the greatest common factor of 29 and 5017.
29
What is the highest common factor of 23 and 943?
23
Calculate the greatest common divisor of 728 and 32.
8
What is the highest common factor of 2581 and 267?
89
What is the highest common factor of 2360 and 80?
40
Calculate the highest common divisor of 63 and 21.
21
What is the greatest common divisor of 42 and 273?
21
What is the greatest common factor of 564 and 47?
47
Calculate the greatest common divisor of 797 and 1.
1
What is the highest common divisor of 94 and 141?
47
What is the highest common divisor of 9 and 144?
9
What is the highest common divisor of 75 and 825?
75
What is the greatest common divisor of 108 and 10908?
108
Calculate the highest common divisor of 450 and 30.
30
Calculate the greatest common divisor of 1958 and 33.
11
Calculate the greatest common divisor of 920 and 50.
10
What is the highest common factor of 60 and 190?
10
What is the highest common divisor of 494 and 208?
26
What is the greatest common divisor of 74 and 37?
37
Calculate the greatest common factor of 60 and 980.
20
What is the greatest common factor of 12558 and 14?
14
What is the greatest common factor of 3 and 5259?
3
What is the highest common divisor of 153 and 204?
51
What is the highest common factor of 1416 and 96?
24
Calculate the highest common factor of 189 and 351.
27
What is the highest common divisor of 31 and 4743?
31
Calculate the highest common divisor of 58 and 6.
2
What is the highest common factor of 64 and 6304?
32
Calculate the highest common divisor of 11 and 2497.
11
What is the greatest common divisor of 2081 and 7?
1
What is the greatest common factor of 1326 and 78?
78
What is the highest common factor of 46398 and 132?
66
Calculate the greatest common factor of 325 and 390.
65
Calculate the highest common factor of 664 and 40.
8
What is the greatest common divisor of 28 and 448?
28
Calculate the greatest common factor of 943 and 23.
23
What is the highest common factor of 9432 and 180?
36
Calculate the highest common divisor of 304 and 16.
16
Calculate the greatest common divisor of 144 and 48.
48
What is the highest common divisor of 861 and 164?
41
What is the greatest common divisor of 52 and 143?
13
What is the greatest common factor of 54 and 351?
27
What is the highest common divisor of 1 and 7?
1
Calculate the highest common divisor of 860 and 258.
86
Calculate the highest common factor of 2028 and 1716.
156
Calculate the greatest common factor of 120 and 1000.
40
What is the greatest common divisor of 444 and 8?
4
Calculate the highest common divisor of 116 and 40.
4
What is the greatest common divisor of 576 and 9?
9
Calculate the greatest common divisor of 4429 and 258.
43
Calculate the greatest common divisor of 153 and 289.
17
What is the highest common divisor of 2015 and 39?
13
Calculate the highest common divisor of 85 and 680.
85
What is the greatest common factor of 14 and 21?
7
Calculate the highest common factor of 2613 and 737.
67
What is the greatest common divisor of 24311 and 161?
161
What is the highest common factor of 9 and 1251?
9
What is the highest common factor of 1341 and 2533?
149
What is the highest common factor of 237 and 3397?
79
What is the greatest common divisor of 12 and 8?
4
Calculate the highest common divisor of 26266 and 46.
46
What is the highest common divisor of 190 and 38?
38
What is the greatest common divisor of 7 and 2653?
7
Calculate the highest common divisor of 4511 and 117.
13
What is the highest common divisor of 58 and 1682?
58
Calculate the greatest common factor of 22 and 5412.
22
What is the greatest common divisor of 76 and 133?
19
What is the highest common divisor of 114 and 12141?
57
Calculate the greatest common divisor of 4 and 1080.
4
What is the highest common divisor of 10392 and 3031?
433
What is the greatest common divisor of 203 and 58?
29
Calculate the greatest common factor of 11 and 16.
1
What is the greatest common divisor of 10 and 70?
10
What is the greatest common divisor of 7383 and 535?
107
What is the highest common factor of 49 and 231?
7
Calculate the greatest common divisor of 40 and 260.
20
What is the greatest common factor of 22 and 2486?
22
What is the highest common factor of 65903 and 59?
59
What is the highest common factor of 47 and 1457?
47
Calculate the highest common divisor of 3 and 25.
1
What is the greatest common divisor of 650 and 130?
130
Calculate the highest common factor of 583 and 159.
53
Calculate the greatest common factor of 33 and 2.
1
Calculate the greatest common divisor of 117 and 45.
9
What is the greatest common factor of 40 and 415?
5
Calculate the highest common factor of 36 and 3012.
12
What is the highest common divisor of 25 and 200?
25
Calculate the highest common divisor of 122 and 1403.
61
What is the greatest common divisor of 16 and 4344?
8
Calculate the highest common divisor of 9 and 3087.
9
Calculate the greatest common factor of 8 and 3688.
8
What is the highest common factor of 1169 and 2171?
167
What is the highest c